. Let h(j) = 6 - j + j**2 + j**v + 0*j + 0*j - 4. Is h(3) prime?
False
Let n(b) = b**2 + 4*b - 8. Let d be n(-6). Let o = -1 + d. Suppose c - 458 = -m + o*c, c - 470 = -m. Is m a prime number?
False
Let n(t) = 37*t**3 + t**2 + 2*t + 3. Is n(2) a prime number?
True
Let u = 220 - 1. Let a = 4188 - 2621. Suppose -a = -4*w - u. Is w composite?
False
Let o(j) = -8*j - 1. Let q be o(-2). Let n = q + 100. Is n prime?
False
Suppose 11 = -3*j + 2. Let g = 2 - j. Suppose -g*p + 3*f + 376 = 0, 5*f + 3 - 172 = -2*p. Is p prime?
False
Suppose -3*f + 267 - 68 = r, 2*r + 5*f = 393. Suppose -r = -8*o + 4*o. Is o prime?
False
Let h = -2 + 6. Suppose -3*s = -h*s - 2. Is (13/2)/(s/(-44)) a prime number?
False
Let d = -6384 + 151633. Is d a prime number?
False
Suppose 0 = -a + 6*a - 15, -5*g + 3*a = 774. Is -4 - (g - (-2 + -2)) composite?
True
Let o = 17 + -20. Let y be -31 - o - (1 + -3). Is y*(2 + 10/(-4)) a prime number?
True
Let l(i) = 51*i + 32. Suppose -29 - 6 = -7*f. Is l(f) prime?
False
Let x(y) be the first derivative of -y**4/4 + 7*y**3/3 - 3*y**2 + 6*y + 12. Let g be x(6). Is g/((-4)/2) + 49 a prime number?
False
Suppose -2631 = -4*u - a, -4*u + 1967 = -u + 2*a. Suppose -1477 = -2*q - h, -h + 2292 + u = 4*q. Is q prime?
False
Let j = 5718 + -889. Is j prime?
False
Suppose -d = -1673 - 1490. Is d a composite number?
False
Let j(r) = -r**3 - 3*r**2 + 19*r + 19. Let s = -61 + 49. Is j(s) a prime number?
True
Let a(m) = -14 + 27 + 83*m - 26. Is a(4) a composite number?
True
Suppose 0 = 3*c + 15, -3*q + 5*c + 16 = -24. Let u be 30/4*2/3. Suppose 2*a + q*j - 462 = 0, j - 336 - 773 = -u*a. Is a prime?
False
Suppose 19*b - 66253 = 163932. Is b prime?
False
Let l = 28152 + -11881. Is l prime?
False
Let x(y) = 29*y**2 + 75*y**2 + 3 + 0*y**2 - 3*y. Suppose -3*l = 2*c, 7 = 2*l + 3*l + c. Is x(l) prime?
False
Suppose -2483 = -4*c + f, -5*f - 90 = -2*c + 1165. Suppose s + u - c = 0, -4*s - u + 2495 = -2*u. Is s composite?
True
Suppose 4*w - 2 = 2*s, 4*s + 0*w - 18 = -3*w. Suppose -3749 = -4*f - s*a, -a = -f + 2*a + 956. Is f prime?
True
Suppose 0 = -2*m - 180 + 480. Suppose -5*d - 3*v + 829 + 562 = 0, -2*d - v = -556. Let z = d - m. Is z prime?
True
Let b(s) = -s**2 + 5*s + 50. Let t be b(10). Suppose t = -3*q + 926 - 329. Is q a composite number?
False
Let r(w) be the second derivative of w**3/3 + 11*w**2/2 + 6*w. Let o be r(-7). Is 1074/2 + (o - -3) prime?
False
Suppose b = p - b - 1101, -1098 = -p - b. Is p a composite number?
True
Suppose 8*d = 11*d - 12. Suppose 4*s = d*f + 716, 3*s - 5*f + 0*f - 529 = 0. Is s a composite number?
True
Suppose 0 = -30*t - 33*t + 621873. Is t a prime number?
True
Suppose -100 = 2*p - 6*p. Suppose 6*z = z + p. Suppose z*x - 53 = 502. Is x prime?
False
Suppose -a - 2*a - 1327 = -5*t, -3*t + 773 = 4*a. Is t composite?
False
Let d(w) be the second derivative of -1/3*w**3 - 5/2*w**2 - 3*w + 1/4*w**4 - 1/10*w**5 + 0. Is d(-4) a prime number?
True
Suppose 4*j - 12 = -2*j. Let k(p) = -12 + 6*p + 2*p + 10*p - p**j. Is k(13) a prime number?
True
Is 12/(-66) - 4725/(-33) composite?
True
Let c(n) = 462*n**3 + 6*n**2 + 3*n - 11. Is c(2) composite?
True
Let o(q) = -7007*q + 3. Let z be o(-1). Is (2/4)/(5/z) a prime number?
True
Suppose 8*z - 3280 = 2888. Suppose 3*v = 3*y - z, 4*y - 1546 = 3*v - 518. Is y a composite number?
False
Let d(a) = 4*a**2 + 1. Let q = 23 + -22. Let w be d(q). Suppose 5*o - 149 = 4*s, -4*o + 4*s - 49 = -w*o. Is o prime?
False
Let s(d) = d**2 - 14*d + 8. Suppose 9 = -f + 21. Let o be s(f). Is 538/6 + o/24 a composite number?
False
Let x(f) = -1734*f**3 + f**2 - 2*f - 2. Let w = 4 + -5. Is x(w) a prime number?
False
Let q(i) = -241*i - 77. Is q(-12) prime?
False
Let t = -6780 + 19051. Is t composite?
True
Let x = -30 - -35. Suppose -5*c - 25 = 0, 3*w - 4*w + 366 = x*c. Is w a composite number?
True
Suppose -140 = 2*i - 3*i. Suppose 4*k = -r - 34 - 104, -i = 4*k + 2*r. Let z = k - -85. Is z composite?
True
Suppose 0*m - 3070 = -2*m. Is (m - -3)/(3 + -1) prime?
True
Suppose -16*w + 40754 = -2*w. Is w prime?
False
Let p(j) = -1. Let f(x) = 14*x + 15. Let s(o) = -f(o) - 4*p(o). Is s(-3) composite?
False
Let o(k) = k**2 - 4*k + 2. Let q be o(4). Suppose 4*z + q*p - 702 = 0, 0 = z - 4*p - 100 - 89. Is z composite?
True
Suppose 2*f - 422 = 86. Suppose -6*n + 4*n - f = -y, 4*y - n = 981. Suppose 4*o = -5*t + 393, -y = -4*t + 5*o + 54. Is t composite?
True
Suppose 7*u - 9*u = 5*f - 227766, 0 = 4*f - 3*u - 182222. Is f composite?
True
Suppose 0 = -22*h + 30*h - 46328. Is h composite?
False
Let m(q) = -q + 1. Let h be m(-3). Suppose b + h*b = 10. Suppose -60 - 14 = -b*z. Is z prime?
True
Suppose -3*t - 95 = -776. Let l = t + -84. Is l composite?
True
Let o(v) be the second derivative of 17*v**4/4 + v**3/3 - 9*v**2/2 + 13*v. Is o(-4) a composite number?
True
Let a be 6/4 - 10/(-4). Suppose -o = -a*o + 1455. Is o a composite number?
True
Suppose -4*g + 2*h = 4*h - 65734, 3*g = 3*h + 49278. Is g prime?
False
Let m(y) = -373*y**3 - 3*y - 4. Is m(-2) prime?
False
Let t = 239 - -20. Suppose -3*i - t = -4*i. Is i composite?
True
Let z(k) = -k**3 - 27*k**2 - 2*k - 33. Let r(q) = -27*q**2 - 3*q - 3. Let s be r(-1). Is z(s) prime?
False
Let z(a) = -70*a**3 + a**2 + a + 1. Let b be z(-1). Let k = b - -67. Is ((-26)/(-3))/(4/k) composite?
True
Suppose 0 = -4*t + 2*t + 8. Suppose l = -t*l + 25. Suppose l*q - 1073 = 872. Is q a composite number?
False
Let b(z) = -z + 25. Let o be b(21). Let q(i) = 251*i**2 - 8*i + 5. Is q(o) a prime number?
True
Is 2/5*60/(-48)*-39602 composite?
False
Let u(h) = 2 - 4 + 4*h - 3*h. Let y be u(4). Suppose j = -z - y*z + 91, 2*z = -j + 60. Is z composite?
False
Suppose 4*c - 4*i = -4, -2*i + 27 = 4*c + 1. Suppose 2*h + 4*a - 16 = 0, 0 = -0*h - 4*h + c*a - 16. Suppose -808 = -2*s - h*s + w, 0 = -3*w - 6. Is s prime?
False
Let r = 364 + 327. Is r a composite number?
False
Let k be ((-130)/3)/(-5) - 4/(-12). Suppose 2*z = -j - 2*z + 1183, 3*z - k = 0. Is j a composite number?
False
Let g = -2205 + 4182. Let z = g - 1263. Suppose l - 240 = -0*s + 3*s, 3*l = 3*s + z. Is l a composite number?
True
Suppose 5*s = -6*s + 5093. Is s a composite number?
False
Let m be (-2)/14 + (-128)/(-14). Let u be ((-9)/15)/((-7)/35). Is 4311/u*3/m a composite number?
False
Let i(z) = 32*z**2 + 17*z - 14. Suppose -7*d + 2*d = -o - 38, 0 = -3*o - 9. Is i(d) composite?
True
Let r = -2882 - -1505. Let d = r + 2350. Is d composite?
True
Suppose -4*l = -r - 19756, r = -2*r. Is l a composite number?
True
Suppose -4*x + 2545 - 21 = 0. Is x composite?
False
Let o(x) = 31*x**3 - 6*x**2 - 7*x - 3. Let h be o(-3). Let z = 224 - h. Is z prime?
True
Let w(i) = 16*i**2 - 5*i + 12. Let p be w(7). Let h = 1168 - p. Is h prime?
False
Suppose -46 = 3*x + 5*q, -x + 0*q = -2*q + 30. Let r = x - -69. Is r composite?
False
Let c(i) = 10*i**2 + 9*i - 23. Let t be 3*10/(-18)*-6. Is c(t) prime?
False
Let n be 130/(-15) + (-2)/6. Let k be ((4 - 0) + -3)*n. Is (-1534)/(-8) - k/(-12) a composite number?
False
Suppose 18*c + 567522 = 36*c. Is c prime?
False
Let z(c) = -629*c - 3. Is z(-2) a composite number?
True
Suppose -6*s - 2*w - 527486 = -10*s, s = 2*w + 131867. Is s a composite number?
True
Let r(a) = 8*a - 38. Let t(g) = 9*g - 37. Let u(f) = -4*r(f) + 5*t(f). Is u(14) composite?
False
Let d(y) = -y**3 - 10*y**2 - 10*y + 12. Let h = -12 - -12. Suppose h*m - 1 = m, a = 5*m - 4. Is d(a) prime?
False
Suppose 0*i + 63 = -i. Let f be ((-6)/(-7))/((-18)/i). Suppose 3*w + 6*m - m = 1216, 0 = -f*m - 3. Is w a composite number?
True
Suppose -4*l + 471 - 16 = -5*t, -2*l + 220 = -4*t. Let o = l + 1. Is o prime?
False
Let f be 5/6*4 - 2/6. Suppose h + 3*q = 991, -5*h + 4000 = -h + f*q. Is h a composite number?
True
Suppose -7*j - 5076 + 2038 = 0. Let s = j + 795. Is s a prime number?
False
Let k(s) be the first derivative of s**2 - 11*s + 1. Let u = 34 + -25. Is k(u) prime?
True
Let b be (-2)/(-6) + 20/(-6). Let r(p) = p**2 + 17*p + 10. Let u be r(-17). Is b/5 - (-156)/u a composite number?
True
Let z be 1/(-2) + 9/18. Suppose z*s - 2*s = -20. Let f(a) = a**3 - 9*a**2 + 2*a + 7. Is f(s) composite?
False
Suppose 0 = 9*m - 2*m - 73437. Suppose m - 1486 = 5*w. Is w prime?
True
Let a(u) = u**2 + 3*u - 3. Let m be a(-2). Is 337/1*1/(-5)*m prime?
True
Suppose -30*m + 26*m =